{"id":575,"date":"2020-08-11T15:44:59","date_gmt":"2020-08-11T15:44:59","guid":{"rendered":"http:\/\/terramae.pt\/inicio\/?page_id=575"},"modified":"2020-11-15T19:43:45","modified_gmt":"2020-11-15T19:43:45","slug":"instalacoes","status":"publish","type":"page","link":"http:\/\/terramae.pt\/inicio\/a-instituicao\/instalacoes\/","title":{"rendered":"Instala\u00e7\u00f5es"},"content":{"rendered":"<div id=\"pl-575\"  class=\"panel-layout\" ><div id=\"pg-575-0\"  class=\"panel-grid panel-no-style\" ><div id=\"pgc-575-0-0\"  class=\"panel-grid-cell\" ><div id=\"panel-575-0-0-0\" class=\"so-panel widget widget_sow-editor panel-first-child\" data-index=\"0\" ><div\n\t\t\t\n\t\t\tclass=\"so-widget-sow-editor so-widget-sow-editor-base\"\n\t\t\t\n\t\t>\n<div class=\"siteorigin-widget-tinymce textwidget\">\n\t<p style=\"text-align: justify;\">Passados 11 anos de uma caminhada conjunta conseguimos ver o inicio da constru\u00e7\u00e3o da NOSSA CASA.<\/p>\n<p style=\"text-align: justify;\">Uma equipa que, todos os dias, d\u00e1 o seu melhor acreditando que \u00e9 poss\u00edvel transformar os problemas em desafios e que as oportunidades aparecem para alcan\u00e7ar novas metas.<\/p>\n<p style=\"text-align: justify;\">O ano de 2012 foi especial para n\u00f3s, para al\u00e9m dos 11 anos de trabalho, podemos ver o in\u00edcio da constru\u00e7\u00e3o da NOSSA sede, acreditamos que esta a\u00e7\u00e3o foi um pilar b\u00e1sico para o desenvolvimento das nossas atividades e para a melhoria do nosso trabalho em prol dos mais necessitados.<\/p>\n<p style=\"text-align: justify;\">Trata-se da constru\u00e7\u00e3o da primeira fase duma obra que se deseja ainda maior, mas sem d\u00favida de uma enorme import\u00e2ncia para todos n\u00f3s.<\/p>\n<p style=\"text-align: justify;\">Este passo n\u00e3o seria poss\u00edvel sem a ponte existente entre a Associa\u00e7\u00e3o e o Munic\u00edpio de Viana do Alentejo que apoiou com 15% do valor da obra, e o Programa de Desenvolvimento Rural do Continente, designado por PRODER - medida n\u00ba 3.2, a\u00e7\u00e3o n\u00ba 3.2.2 \u00abServi\u00e7os b\u00e1sicos para a popula\u00e7\u00e3o rural\u00bb, que apoiou com 75% do investimento, bem como o apoio de muitos \u201camigos\u201d desta causa.<\/p>\n<\/div>\n<\/div><\/div><div id=\"panel-575-0-0-1\" class=\"so-panel widget widget_sow-editor panel-last-child\" data-index=\"1\" ><div\n\t\t\t\n\t\t\tclass=\"so-widget-sow-editor so-widget-sow-editor-base\"\n\t\t\t\n\t\t>\n<div class=\"siteorigin-widget-tinymce textwidget\">\n\tngg_shortcode_0_placeholder\n<\/div>\n<\/div><\/div><\/div><\/div><\/div>","protected":false},"excerpt":{"rendered":"<p>Passados 11 anos de uma caminhada conjunta conseguimos ver o inicio da constru\u00e7\u00e3o da NOSSA CASA. Uma equipa que, todos os dias, d\u00e1 o seu melhor acreditando que \u00e9 poss\u00edvel transformar os problemas em desafios e que as oportunidades aparecem [&hellip;]<\/p>\n","protected":false},"author":1,"featured_media":0,"parent":3183,"menu_order":0,"comment_status":"closed","ping_status":"closed","template":"template-full-width.php","meta":{"ngg_post_thumbnail":0,"footnotes":""},"class_list":["post-575","page","type-page","status-publish","hentry"],"_links":{"self":[{"href":"http:\/\/terramae.pt\/inicio\/wp-json\/wp\/v2\/pages\/575","targetHints":{"allow":["GET"]}}],"collection":[{"href":"http:\/\/terramae.pt\/inicio\/wp-json\/wp\/v2\/pages"}],"about":[{"href":"http:\/\/terramae.pt\/inicio\/wp-json\/wp\/v2\/types\/page"}],"author":[{"embeddable":true,"href":"http:\/\/terramae.pt\/inicio\/wp-json\/wp\/v2\/users\/1"}],"replies":[{"embeddable":true,"href":"http:\/\/terramae.pt\/inicio\/wp-json\/wp\/v2\/comments?post=575"}],"version-history":[{"count":20,"href":"http:\/\/terramae.pt\/inicio\/wp-json\/wp\/v2\/pages\/575\/revisions"}],"predecessor-version":[{"id":2988,"href":"http:\/\/terramae.pt\/inicio\/wp-json\/wp\/v2\/pages\/575\/revisions\/2988"}],"up":[{"embeddable":true,"href":"http:\/\/terramae.pt\/inicio\/wp-json\/wp\/v2\/pages\/3183"}],"wp:attachment":[{"href":"http:\/\/terramae.pt\/inicio\/wp-json\/wp\/v2\/media?parent=575"}],"curies":[{"name":"wp","href":"https:\/\/api.w.org\/{rel}","templated":true}]}}