{"id":3062,"date":"2020-11-15T18:15:04","date_gmt":"2020-11-15T18:15:04","guid":{"rendered":"http:\/\/terramae.pt\/inicio\/?page_id=3062"},"modified":"2020-11-17T11:43:44","modified_gmt":"2020-11-17T11:43:44","slug":"grupo-intervencao-social-integrada","status":"publish","type":"page","link":"http:\/\/terramae.pt\/inicio\/saas\/grupo-intervencao-social-integrada\/","title":{"rendered":"Grupo de Interven\u00e7\u00e3o Social Integrada"},"content":{"rendered":"<div id=\"pl-3062\"  class=\"panel-layout\" ><div id=\"pg-3062-0\"  class=\"panel-grid panel-no-style\" ><div id=\"pgc-3062-0-0\"  class=\"panel-grid-cell\" ><div id=\"panel-3062-0-0-0\" class=\"so-panel widget widget_sow-image panel-first-child\" data-index=\"0\" ><div\n\t\t\t\n\t\t\tclass=\"so-widget-sow-image so-widget-sow-image-default-c67d20f9f743-3062\"\n\t\t\t\n\t\t>\n<div class=\"sow-image-container\">\n\t\t<img \n\tsrc=\"http:\/\/terramae.pt\/inicio\/wp-content\/uploads\/2020\/10\/logo_SAAS-300x300.jpg\" width=\"300\" height=\"300\" srcset=\"http:\/\/terramae.pt\/inicio\/wp-content\/uploads\/2020\/10\/logo_SAAS-300x300.jpg 300w, http:\/\/terramae.pt\/inicio\/wp-content\/uploads\/2020\/10\/logo_SAAS-150x150.jpg 150w, http:\/\/terramae.pt\/inicio\/wp-content\/uploads\/2020\/10\/logo_SAAS.jpg 500w\" sizes=\"(max-width: 300px) 100vw, 300px\" alt=\"\" \t\tclass=\"so-widget-image\"\/>\n\t<\/div>\n\n<\/div><\/div><div id=\"panel-3062-0-0-1\" class=\"so-panel widget widget_sow-editor\" data-index=\"1\" ><div\n\t\t\t\n\t\t\tclass=\"so-widget-sow-editor so-widget-sow-editor-base\"\n\t\t\t\n\t\t><h3 class=\"widget-title\">Quem Somos<\/h3>\n<div class=\"siteorigin-widget-tinymce textwidget\">\n\t<p style=\"font-weight: 400; text-align: justify;\">O GISI - Grupo de Interven\u00e7\u00e3o Social Integrada \u00e9 promovido pela TerraM\u00e3e e de responsabilidade do Servi\u00e7o de Atendimento e Acompanhamento Social de Viana do Alentejo. O grupo foi criado em 2015 com o objetivo de combinar respostas de proximidade atrav\u00e9s de uma a\u00e7\u00e3o social integrada e assegurar a coordena\u00e7\u00e3o eficiente de todos os meios e recursos que integram o grupo.<\/p>\n<p style=\"font-weight: 400; text-align: justify;\">Deste grupo fazem parte:<\/p>\n<ul>\n<li style=\"font-weight: 400; text-align: justify;\">SAAS - Servi\u00e7o de atendimento e acompanhamento do concelho de VA;<\/li>\n<li style=\"font-weight: 400; text-align: justify;\">ELI \u2013 Equipa Local de Interven\u00e7\u00e3o Precoce;<\/li>\n<li style=\"font-weight: 400; text-align: justify;\">Munic\u00edpio de Viana do Alentejo;<\/li>\n<li style=\"font-weight: 400; text-align: justify;\">Seguran\u00e7a Social;<\/li>\n<li style=\"font-weight: 400; text-align: justify;\">Sa\u00fade;<\/li>\n<li style=\"font-weight: 400; text-align: justify;\">Educa\u00e7\u00e3o;<\/li>\n<li style=\"font-weight: 400; text-align: justify;\">C\u00e1ritas;<\/li>\n<li style=\"font-weight: 400; text-align: justify;\">Miseric\u00f3rdia de Viana do Alentejo;<\/li>\n<li style=\"font-weight: 400; text-align: justify;\">Miseric\u00f3rdia de Alc\u00e1\u00e7ovas;<\/li>\n<li style=\"font-weight: 400; text-align: justify;\">Terras Dentro;<\/li>\n<li style=\"font-weight: 400; text-align: justify;\">CPCJVA.<\/li>\n<\/ul>\n<p style=\"font-weight: 400;\">O GISi re\u00fane mensalmente ou sempre que necess\u00e1rio para analisar as situa\u00e7\u00f5es&nbsp; das fam\u00edlias carenciadas e\/ou em situa\u00e7\u00e3o de crise que necessitam do apoio de mais de um servi\u00e7o social.<\/p>\n<p style=\"font-weight: 400; text-align: justify;\">Durante a Pandemia e de forma a responder de forma concertada e atempadamente a todas as situa\u00e7\u00f5es as reuni\u00f5es t\u00eam sido realizadas quinzenalmente, por v\u00eddeo confer\u00eancia.<\/p>\n<\/div>\n<\/div><\/div><div id=\"panel-3062-0-0-2\" class=\"so-panel widget widget_sow-editor panel-last-child\" data-index=\"2\" ><div\n\t\t\t\n\t\t\tclass=\"so-widget-sow-editor so-widget-sow-editor-base\"\n\t\t\t\n\t\t>\n<div class=\"siteorigin-widget-tinymce textwidget\">\n\tngg_shortcode_0_placeholder\n<\/div>\n<\/div><\/div><\/div><div id=\"pgc-3062-0-1\"  class=\"panel-grid-cell\" ><div id=\"panel-3062-0-1-0\" class=\"so-panel widget widget_nav_menu panel-first-child panel-last-child\" data-index=\"3\" ><div class=\"panel-widget-style panel-widget-style-for-3062-0-1-0\" ><h3 class=\"widget-title\">Menu SAAS<\/h3><div class=\"menu-saas-container\"><ul id=\"menu-saas\" class=\"menu\"><li id=\"menu-item-3079\" class=\"menu-item menu-item-type-post_type menu-item-object-page menu-item-3079\"><a href=\"http:\/\/terramae.pt\/inicio\/saas\/saas-quem-somos\/\">Quem Somos<\/a><\/li>\n<li id=\"menu-item-3078\" class=\"menu-item menu-item-type-post_type menu-item-object-page menu-item-3078\"><a href=\"http:\/\/terramae.pt\/inicio\/saas\/psicologia\/\">Psicologia<\/a><\/li>\n<li id=\"menu-item-3077\" class=\"menu-item menu-item-type-post_type menu-item-object-page menu-item-3077\"><a href=\"http:\/\/terramae.pt\/inicio\/saas\/loja-social\/\">Loja Social<\/a><\/li>\n<li id=\"menu-item-3076\" class=\"menu-item menu-item-type-post_type menu-item-object-page menu-item-3076\"><a href=\"http:\/\/terramae.pt\/inicio\/saas\/apoio-alimentar\/\">Apoio Alimentar<\/a><\/li>\n<li id=\"menu-item-3075\" class=\"menu-item menu-item-type-post_type menu-item-object-page menu-item-3075\"><a href=\"http:\/\/terramae.pt\/inicio\/saas\/ajudas-tecnicas\/\">Ajudas T\u00e9cnicas<\/a><\/li>\n<li id=\"menu-item-3080\" class=\"menu-item menu-item-type-post_type menu-item-object-page menu-item-3080\"><a href=\"http:\/\/terramae.pt\/inicio\/saas\/atividades-para-criancas-e-jovens\/\">Atividades para Crian\u00e7as e Jovens<\/a><\/li>\n<li id=\"menu-item-3074\" class=\"menu-item menu-item-type-post_type menu-item-object-page menu-item-3074\"><a href=\"http:\/\/terramae.pt\/inicio\/saas\/formacao-para-adultos\/\">Forma\u00e7\u00e3o para Adultos<\/a><\/li>\n<li id=\"menu-item-3081\" class=\"menu-item menu-item-type-post_type menu-item-object-page menu-item-3081\"><a href=\"http:\/\/terramae.pt\/inicio\/saas\/grupo-intervencao-social-integrada\/\">Grupo de Interven\u00e7\u00e3o Social Integrada<\/a><\/li>\n<\/ul><\/div><\/div><\/div><\/div><\/div><div id=\"pg-3062-1\"  class=\"panel-grid panel-no-style\" ><div id=\"pgc-3062-1-0\"  class=\"panel-grid-cell panel-grid-cell-empty\" ><\/div><\/div><div id=\"pg-3062-2\"  class=\"panel-grid panel-no-style\" ><div id=\"pgc-3062-2-0\"  class=\"panel-grid-cell panel-grid-cell-empty\" ><\/div><\/div><div id=\"pg-3062-3\"  class=\"panel-grid panel-has-style\" ><div class=\"siteorigin-panels-stretch panel-row-style panel-row-style-for-3062-3\" data-stretch-type=\"full\" ><div id=\"pgc-3062-3-0\"  class=\"panel-grid-cell panel-grid-cell-empty\" ><\/div><\/div><\/div><\/div>","protected":false},"excerpt":{"rendered":"<p>O GISI &#8211; Grupo de Interven\u00e7\u00e3o Social Integrada \u00e9 promovido pela TerraM\u00e3e e de responsabilidade do Servi\u00e7o de Atendimento e Acompanhamento Social de Viana do Alentejo. O grupo foi criado em 2015 com o objetivo de combinar respostas de proximidade [&hellip;]<\/p>\n","protected":false},"author":1,"featured_media":0,"parent":565,"menu_order":0,"comment_status":"closed","ping_status":"closed","template":"template-full-width.php","meta":{"ngg_post_thumbnail":0,"footnotes":""},"class_list":["post-3062","page","type-page","status-publish","hentry"],"_links":{"self":[{"href":"http:\/\/terramae.pt\/inicio\/wp-json\/wp\/v2\/pages\/3062","targetHints":{"allow":["GET"]}}],"collection":[{"href":"http:\/\/terramae.pt\/inicio\/wp-json\/wp\/v2\/pages"}],"about":[{"href":"http:\/\/terramae.pt\/inicio\/wp-json\/wp\/v2\/types\/page"}],"author":[{"embeddable":true,"href":"http:\/\/terramae.pt\/inicio\/wp-json\/wp\/v2\/users\/1"}],"replies":[{"embeddable":true,"href":"http:\/\/terramae.pt\/inicio\/wp-json\/wp\/v2\/comments?post=3062"}],"version-history":[{"count":38,"href":"http:\/\/terramae.pt\/inicio\/wp-json\/wp\/v2\/pages\/3062\/revisions"}],"predecessor-version":[{"id":3482,"href":"http:\/\/terramae.pt\/inicio\/wp-json\/wp\/v2\/pages\/3062\/revisions\/3482"}],"up":[{"embeddable":true,"href":"http:\/\/terramae.pt\/inicio\/wp-json\/wp\/v2\/pages\/565"}],"wp:attachment":[{"href":"http:\/\/terramae.pt\/inicio\/wp-json\/wp\/v2\/media?parent=3062"}],"curies":[{"name":"wp","href":"https:\/\/api.w.org\/{rel}","templated":true}]}}