{"id":3034,"date":"2020-11-15T17:54:09","date_gmt":"2020-11-15T17:54:09","guid":{"rendered":"http:\/\/terramae.pt\/inicio\/?page_id=3034"},"modified":"2020-11-15T19:20:46","modified_gmt":"2020-11-15T19:20:46","slug":"ajudas-tecnicas","status":"publish","type":"page","link":"http:\/\/terramae.pt\/inicio\/saas\/ajudas-tecnicas\/","title":{"rendered":"Ajudas T\u00e9cnicas"},"content":{"rendered":"<div id=\"pl-3034\"  class=\"panel-layout\" ><div id=\"pg-3034-0\"  class=\"panel-grid panel-no-style\" ><div id=\"pgc-3034-0-0\"  class=\"panel-grid-cell\" ><div id=\"panel-3034-0-0-0\" class=\"so-panel widget widget_sow-image panel-first-child\" data-index=\"0\" ><div\n\t\t\t\n\t\t\tclass=\"so-widget-sow-image so-widget-sow-image-default-c67d20f9f743-3034\"\n\t\t\t\n\t\t>\n<div class=\"sow-image-container\">\n\t\t<img \n\tsrc=\"http:\/\/terramae.pt\/inicio\/wp-content\/uploads\/2020\/10\/logo_SAAS-300x300.jpg\" width=\"300\" height=\"300\" srcset=\"http:\/\/terramae.pt\/inicio\/wp-content\/uploads\/2020\/10\/logo_SAAS-300x300.jpg 300w, http:\/\/terramae.pt\/inicio\/wp-content\/uploads\/2020\/10\/logo_SAAS-150x150.jpg 150w, http:\/\/terramae.pt\/inicio\/wp-content\/uploads\/2020\/10\/logo_SAAS.jpg 500w\" sizes=\"(max-width: 300px) 100vw, 300px\" alt=\"\" \t\tclass=\"so-widget-image\"\/>\n\t<\/div>\n\n<\/div><\/div><div id=\"panel-3034-0-0-1\" class=\"so-panel widget widget_sow-editor panel-last-child\" data-index=\"1\" ><div\n\t\t\t\n\t\t\tclass=\"so-widget-sow-editor so-widget-sow-editor-base\"\n\t\t\t\n\t\t>\n<div class=\"siteorigin-widget-tinymce textwidget\">\n\t<p style=\"text-align: justify;\">A Terra M\u00e3e disp\u00f5e de um Banco de Ajudas T\u00e9cnicas pelo qual empresta cadeiras de rodas e camas articuladas \u00e0 popula\u00e7\u00e3o do concelho de Viana do Alentejo.<\/p>\n<\/div>\n<\/div><\/div><\/div><div id=\"pgc-3034-0-1\"  class=\"panel-grid-cell\" ><div id=\"panel-3034-0-1-0\" class=\"so-panel widget widget_nav_menu panel-first-child panel-last-child\" data-index=\"2\" ><div class=\"panel-widget-style panel-widget-style-for-3034-0-1-0\" ><h3 class=\"widget-title\">Menu SAAS<\/h3><div class=\"menu-saas-container\"><ul id=\"menu-saas\" class=\"menu\"><li id=\"menu-item-3079\" class=\"menu-item menu-item-type-post_type menu-item-object-page menu-item-3079\"><a href=\"http:\/\/terramae.pt\/inicio\/saas\/saas-quem-somos\/\">Quem Somos<\/a><\/li>\n<li id=\"menu-item-3078\" class=\"menu-item menu-item-type-post_type menu-item-object-page menu-item-3078\"><a href=\"http:\/\/terramae.pt\/inicio\/saas\/psicologia\/\">Psicologia<\/a><\/li>\n<li id=\"menu-item-3077\" class=\"menu-item menu-item-type-post_type menu-item-object-page menu-item-3077\"><a href=\"http:\/\/terramae.pt\/inicio\/saas\/loja-social\/\">Loja Social<\/a><\/li>\n<li id=\"menu-item-3076\" class=\"menu-item menu-item-type-post_type menu-item-object-page menu-item-3076\"><a href=\"http:\/\/terramae.pt\/inicio\/saas\/apoio-alimentar\/\">Apoio Alimentar<\/a><\/li>\n<li id=\"menu-item-3075\" class=\"menu-item menu-item-type-post_type menu-item-object-page menu-item-3075\"><a href=\"http:\/\/terramae.pt\/inicio\/saas\/ajudas-tecnicas\/\">Ajudas T\u00e9cnicas<\/a><\/li>\n<li id=\"menu-item-3080\" class=\"menu-item menu-item-type-post_type menu-item-object-page menu-item-3080\"><a href=\"http:\/\/terramae.pt\/inicio\/saas\/atividades-para-criancas-e-jovens\/\">Atividades para Crian\u00e7as e Jovens<\/a><\/li>\n<li id=\"menu-item-3074\" class=\"menu-item menu-item-type-post_type menu-item-object-page menu-item-3074\"><a href=\"http:\/\/terramae.pt\/inicio\/saas\/formacao-para-adultos\/\">Forma\u00e7\u00e3o para Adultos<\/a><\/li>\n<li id=\"menu-item-3081\" class=\"menu-item menu-item-type-post_type menu-item-object-page menu-item-3081\"><a href=\"http:\/\/terramae.pt\/inicio\/saas\/grupo-intervencao-social-integrada\/\">Grupo de Interven\u00e7\u00e3o Social Integrada<\/a><\/li>\n<\/ul><\/div><\/div><\/div><\/div><\/div><div id=\"pg-3034-1\"  class=\"panel-grid panel-no-style\" ><div id=\"pgc-3034-1-0\"  class=\"panel-grid-cell panel-grid-cell-empty\" ><\/div><\/div><div id=\"pg-3034-2\"  class=\"panel-grid panel-has-style\" ><div class=\"siteorigin-panels-stretch panel-row-style panel-row-style-for-3034-2\" data-stretch-type=\"full\" ><div id=\"pgc-3034-2-0\"  class=\"panel-grid-cell panel-grid-cell-empty\" ><\/div><\/div><\/div><\/div>","protected":false},"excerpt":{"rendered":"<p>A Terra M\u00e3e disp\u00f5e de um Banco de Ajudas T\u00e9cnicas pelo qual empresta cadeiras de rodas e camas articuladas \u00e0 popula\u00e7\u00e3o do concelho de Viana do Alentejo.<\/p>\n","protected":false},"author":1,"featured_media":0,"parent":565,"menu_order":0,"comment_status":"closed","ping_status":"closed","template":"template-full-width.php","meta":{"ngg_post_thumbnail":0,"footnotes":""},"class_list":["post-3034","page","type-page","status-publish","hentry"],"_links":{"self":[{"href":"http:\/\/terramae.pt\/inicio\/wp-json\/wp\/v2\/pages\/3034","targetHints":{"allow":["GET"]}}],"collection":[{"href":"http:\/\/terramae.pt\/inicio\/wp-json\/wp\/v2\/pages"}],"about":[{"href":"http:\/\/terramae.pt\/inicio\/wp-json\/wp\/v2\/types\/page"}],"author":[{"embeddable":true,"href":"http:\/\/terramae.pt\/inicio\/wp-json\/wp\/v2\/users\/1"}],"replies":[{"embeddable":true,"href":"http:\/\/terramae.pt\/inicio\/wp-json\/wp\/v2\/comments?post=3034"}],"version-history":[{"count":8,"href":"http:\/\/terramae.pt\/inicio\/wp-json\/wp\/v2\/pages\/3034\/revisions"}],"predecessor-version":[{"id":3144,"href":"http:\/\/terramae.pt\/inicio\/wp-json\/wp\/v2\/pages\/3034\/revisions\/3144"}],"up":[{"embeddable":true,"href":"http:\/\/terramae.pt\/inicio\/wp-json\/wp\/v2\/pages\/565"}],"wp:attachment":[{"href":"http:\/\/terramae.pt\/inicio\/wp-json\/wp\/v2\/media?parent=3034"}],"curies":[{"name":"wp","href":"https:\/\/api.w.org\/{rel}","templated":true}]}}