{"id":3014,"date":"2020-11-14T18:33:21","date_gmt":"2020-11-14T18:33:21","guid":{"rendered":"http:\/\/terramae.pt\/inicio\/?page_id=3014"},"modified":"2020-11-15T19:06:04","modified_gmt":"2020-11-15T19:06:04","slug":"psicologia","status":"publish","type":"page","link":"http:\/\/terramae.pt\/inicio\/saas\/psicologia\/","title":{"rendered":"Psicologia"},"content":{"rendered":"<div id=\"pl-3014\"  class=\"panel-layout\" ><div id=\"pg-3014-0\"  class=\"panel-grid panel-no-style\" ><div id=\"pgc-3014-0-0\"  class=\"panel-grid-cell\" ><div id=\"panel-3014-0-0-0\" class=\"so-panel widget widget_sow-image panel-first-child\" data-index=\"0\" ><div\n\t\t\t\n\t\t\tclass=\"so-widget-sow-image so-widget-sow-image-default-c67d20f9f743-3014\"\n\t\t\t\n\t\t>\n<div class=\"sow-image-container\">\n\t\t<img \n\tsrc=\"http:\/\/terramae.pt\/inicio\/wp-content\/uploads\/2020\/10\/logo_SAAS-300x300.jpg\" width=\"300\" height=\"300\" srcset=\"http:\/\/terramae.pt\/inicio\/wp-content\/uploads\/2020\/10\/logo_SAAS-300x300.jpg 300w, http:\/\/terramae.pt\/inicio\/wp-content\/uploads\/2020\/10\/logo_SAAS-150x150.jpg 150w, http:\/\/terramae.pt\/inicio\/wp-content\/uploads\/2020\/10\/logo_SAAS.jpg 500w\" sizes=\"(max-width: 300px) 100vw, 300px\" alt=\"\" \t\tclass=\"so-widget-image\"\/>\n\t<\/div>\n\n<\/div><\/div><div id=\"panel-3014-0-0-1\" class=\"so-panel widget widget_sow-editor\" data-index=\"1\" ><div\n\t\t\t\n\t\t\tclass=\"so-widget-sow-editor so-widget-sow-editor-base\"\n\t\t\t\n\t\t><h3 class=\"widget-title\">A Interven\u00e7\u00e3o Psicol\u00f3gica no SAAS<\/h3>\n<div class=\"siteorigin-widget-tinymce textwidget\">\n\t<p style=\"text-align: justify;\">Um servi\u00e7o de atendimento e acompanhamento social caracteriza-se por uma interven\u00e7\u00e3o de profunda proximidade \u00e0 comunidade e ao mesmo tempo por uma resposta espec\u00edfica e individual a problem\u00e1ticas identificadas. Assim sempre foi nossa preocupa\u00e7\u00e3o poder responder quer \u00e0 comunidade em geral quer \u00e0s necessidades individuais que surjam ao n\u00edvel da sa\u00fade mental atrav\u00e9s de uma abordagem ao n\u00edvel da psicologia comunit\u00e1ria e tamb\u00e9m ao n\u00edvel da psicologia cl\u00ednica.<\/p>\n<\/div>\n<\/div><\/div><div id=\"panel-3014-0-0-2\" class=\"so-panel widget widget_sow-editor\" data-index=\"2\" ><div\n\t\t\t\n\t\t\tclass=\"so-widget-sow-editor so-widget-sow-editor-base\"\n\t\t\t\n\t\t><h3 class=\"widget-title\">Psicologia Comunit\u00e1ria<\/h3>\n<div class=\"siteorigin-widget-tinymce textwidget\">\n\t<p style=\"text-align: justify;\">A psicologia comunit\u00e1ria interv\u00e9m na comunidade para promover o bem-estar, a sa\u00fade e o ajustamento dos seus elementos. Nesta \u00e1rea a nossa preocupa\u00e7\u00e3o centra-se no trabalho em equipas multidisciplinares e na articula\u00e7\u00e3o ou trabalho em rede com entidades diversas. &nbsp;A interven\u00e7\u00e3o direciona-se a fam\u00edlias em risco atrav\u00e9s de din\u00e2micas de grupo ou individuais visando sempre o empoderamento individual e comunit\u00e1rio e o desenvolvimento pessoal.<\/p>\n<\/div>\n<\/div><\/div><div id=\"panel-3014-0-0-3\" class=\"so-panel widget widget_sow-editor\" data-index=\"3\" ><div\n\t\t\t\n\t\t\tclass=\"so-widget-sow-editor so-widget-sow-editor-base\"\n\t\t\t\n\t\t><h3 class=\"widget-title\">Psicologia Cl\u00ednica<\/h3>\n<div class=\"siteorigin-widget-tinymce textwidget\">\n\t<p style=\"text-align: justify;\">A psicologia cl\u00ednica interv\u00e9m individualmente ao n\u00edvel da aplica\u00e7\u00e3o de conceitos, metodologias e t\u00e9cnicas da \u00e1rea cl\u00ednica e da sa\u00fade, nomeadamente na avalia\u00e7\u00e3o psicol\u00f3gica; diagn\u00f3stico, planeamento, monitoriza\u00e7\u00e3o e avalia\u00e7\u00e3o da interven\u00e7\u00e3o; consulta\/interven\u00e7\u00e3o\/ acompanhamento psicol\u00f3gico.<\/p>\n<\/div>\n<\/div><\/div><div id=\"panel-3014-0-0-4\" class=\"so-panel widget widget_sow-editor panel-last-child\" data-index=\"4\" ><div\n\t\t\t\n\t\t\tclass=\"so-widget-sow-editor so-widget-sow-editor-base\"\n\t\t\t\n\t\t>\n<div class=\"siteorigin-widget-tinymce textwidget\">\n\tngg_shortcode_0_placeholder\n<\/div>\n<\/div><\/div><\/div><div id=\"pgc-3014-0-1\"  class=\"panel-grid-cell\" ><div id=\"panel-3014-0-1-0\" class=\"so-panel widget widget_nav_menu panel-first-child panel-last-child\" data-index=\"5\" ><div class=\"panel-widget-style panel-widget-style-for-3014-0-1-0\" ><h3 class=\"widget-title\">Menu SAAS<\/h3><div class=\"menu-saas-container\"><ul id=\"menu-saas\" class=\"menu\"><li id=\"menu-item-3079\" class=\"menu-item menu-item-type-post_type menu-item-object-page menu-item-3079\"><a href=\"http:\/\/terramae.pt\/inicio\/saas\/saas-quem-somos\/\">Quem Somos<\/a><\/li>\n<li id=\"menu-item-3078\" class=\"menu-item menu-item-type-post_type menu-item-object-page menu-item-3078\"><a href=\"http:\/\/terramae.pt\/inicio\/saas\/psicologia\/\">Psicologia<\/a><\/li>\n<li id=\"menu-item-3077\" class=\"menu-item menu-item-type-post_type menu-item-object-page menu-item-3077\"><a href=\"http:\/\/terramae.pt\/inicio\/saas\/loja-social\/\">Loja Social<\/a><\/li>\n<li id=\"menu-item-3076\" class=\"menu-item menu-item-type-post_type menu-item-object-page menu-item-3076\"><a href=\"http:\/\/terramae.pt\/inicio\/saas\/apoio-alimentar\/\">Apoio Alimentar<\/a><\/li>\n<li id=\"menu-item-3075\" class=\"menu-item menu-item-type-post_type menu-item-object-page menu-item-3075\"><a href=\"http:\/\/terramae.pt\/inicio\/saas\/ajudas-tecnicas\/\">Ajudas T\u00e9cnicas<\/a><\/li>\n<li id=\"menu-item-3080\" class=\"menu-item menu-item-type-post_type menu-item-object-page menu-item-3080\"><a href=\"http:\/\/terramae.pt\/inicio\/saas\/atividades-para-criancas-e-jovens\/\">Atividades para Crian\u00e7as e Jovens<\/a><\/li>\n<li id=\"menu-item-3074\" class=\"menu-item menu-item-type-post_type menu-item-object-page menu-item-3074\"><a href=\"http:\/\/terramae.pt\/inicio\/saas\/formacao-para-adultos\/\">Forma\u00e7\u00e3o para Adultos<\/a><\/li>\n<li id=\"menu-item-3081\" class=\"menu-item menu-item-type-post_type menu-item-object-page menu-item-3081\"><a href=\"http:\/\/terramae.pt\/inicio\/saas\/grupo-intervencao-social-integrada\/\">Grupo de Interven\u00e7\u00e3o Social Integrada<\/a><\/li>\n<\/ul><\/div><\/div><\/div><\/div><\/div><div id=\"pg-3014-1\"  class=\"panel-grid panel-no-style\" ><div id=\"pgc-3014-1-0\"  class=\"panel-grid-cell panel-grid-cell-empty\" ><\/div><\/div><div id=\"pg-3014-2\"  class=\"panel-grid panel-has-style\" ><div class=\"siteorigin-panels-stretch panel-row-style panel-row-style-for-3014-2\" data-stretch-type=\"full\" ><div id=\"pgc-3014-2-0\"  class=\"panel-grid-cell panel-grid-cell-empty\" ><\/div><\/div><\/div><\/div>","protected":false},"excerpt":{"rendered":"<p>Um servi\u00e7o de atendimento e acompanhamento social caracteriza-se por uma interven\u00e7\u00e3o de profunda proximidade \u00e0 comunidade e ao mesmo tempo por uma resposta espec\u00edfica e individual a problem\u00e1ticas identificadas. Assim sempre foi nossa preocupa\u00e7\u00e3o poder responder quer \u00e0 comunidade em [&hellip;]<\/p>\n","protected":false},"author":1,"featured_media":0,"parent":565,"menu_order":0,"comment_status":"closed","ping_status":"closed","template":"template-full-width.php","meta":{"ngg_post_thumbnail":0,"footnotes":""},"class_list":["post-3014","page","type-page","status-publish","hentry"],"_links":{"self":[{"href":"http:\/\/terramae.pt\/inicio\/wp-json\/wp\/v2\/pages\/3014","targetHints":{"allow":["GET"]}}],"collection":[{"href":"http:\/\/terramae.pt\/inicio\/wp-json\/wp\/v2\/pages"}],"about":[{"href":"http:\/\/terramae.pt\/inicio\/wp-json\/wp\/v2\/types\/page"}],"author":[{"embeddable":true,"href":"http:\/\/terramae.pt\/inicio\/wp-json\/wp\/v2\/users\/1"}],"replies":[{"embeddable":true,"href":"http:\/\/terramae.pt\/inicio\/wp-json\/wp\/v2\/comments?post=3014"}],"version-history":[{"count":8,"href":"http:\/\/terramae.pt\/inicio\/wp-json\/wp\/v2\/pages\/3014\/revisions"}],"predecessor-version":[{"id":3127,"href":"http:\/\/terramae.pt\/inicio\/wp-json\/wp\/v2\/pages\/3014\/revisions\/3127"}],"up":[{"embeddable":true,"href":"http:\/\/terramae.pt\/inicio\/wp-json\/wp\/v2\/pages\/565"}],"wp:attachment":[{"href":"http:\/\/terramae.pt\/inicio\/wp-json\/wp\/v2\/media?parent=3014"}],"curies":[{"name":"wp","href":"https:\/\/api.w.org\/{rel}","templated":true}]}}