{"id":1304,"date":"2020-10-13T08:41:49","date_gmt":"2020-10-13T08:41:49","guid":{"rendered":"http:\/\/terramae.pt\/inicio\/?page_id=1304"},"modified":"2020-11-15T19:45:36","modified_gmt":"2020-11-15T19:45:36","slug":"visao-missao-e-valores","status":"publish","type":"page","link":"http:\/\/terramae.pt\/inicio\/a-instituicao\/visao-missao-e-valores\/","title":{"rendered":"Miss\u00e3o, Vis\u00e3o e valores"},"content":{"rendered":"<div id=\"pl-1304\"  class=\"panel-layout\" ><div id=\"pg-1304-0\"  class=\"panel-grid panel-no-style\" ><div id=\"pgc-1304-0-0\"  class=\"panel-grid-cell\" ><div id=\"panel-1304-0-0-0\" class=\"so-panel widget widget_sow-editor panel-first-child\" data-index=\"0\" ><div\n\t\t\t\n\t\t\tclass=\"so-widget-sow-editor so-widget-sow-editor-base\"\n\t\t\t\n\t\t><h3 class=\"widget-title\">Miss\u00e3o<\/h3>\n<div class=\"siteorigin-widget-tinymce textwidget\">\n\t<p style=\"text-align: justify;\"><span class=\"fontstyle0\">Estar ao servi\u00e7o da comunidade encontrando respostas eficazes e inovadoras que respondam \u00e0s suas necessidades.<\/span><\/p>\n<\/div>\n<\/div><\/div><div id=\"panel-1304-0-0-1\" class=\"so-panel widget widget_sow-editor\" data-index=\"1\" ><div\n\t\t\t\n\t\t\tclass=\"so-widget-sow-editor so-widget-sow-editor-base\"\n\t\t\t\n\t\t><h3 class=\"widget-title\">Vis\u00e3o<\/h3>\n<div class=\"siteorigin-widget-tinymce textwidget\">\n\t<p style=\"text-align: justify;\"><span class=\"fontstyle0\">Reconhecida como Associa\u00e7\u00e3o de refer\u00eancia na implementa\u00e7\u00e3o de pol\u00edticas e pr\u00e1ticas de interven\u00e7\u00e3o social, terap\u00eautica e educativa.<br \/>\n<\/span><\/p>\n<\/div>\n<\/div><\/div><div id=\"panel-1304-0-0-2\" class=\"so-panel widget widget_sow-editor panel-last-child\" data-index=\"2\" ><div\n\t\t\t\n\t\t\tclass=\"so-widget-sow-editor so-widget-sow-editor-base\"\n\t\t\t\n\t\t><h3 class=\"widget-title\">Valores<\/h3>\n<div class=\"siteorigin-widget-tinymce textwidget\">\n\t<ul>\n<li style=\"text-align: justify;\"><span class=\"fontstyle0\">Profissionalismo - Responsabilidade e empenho em assumir as diferentes fun\u00e7\u00f5es.<\/span><\/li>\n<li style=\"text-align: justify;\">Proximidade - Privilegiar uma rela\u00e7\u00e3o de confian\u00e7a oferecendo um servi\u00e7o que responda \u00e0 especificidade de cada um.<\/li>\n<li style=\"text-align: justify;\">Transpar\u00eancia - Cumprimento de um trabalho com base na autenticidade.<\/li>\n<li style=\"text-align: justify;\">Inova\u00e7\u00e3o - Assumir o compromisso de implementar novas atividades para uma efetiva mudan\u00e7a e adequa\u00e7\u00e3o \u00e0 realidade.<\/li>\n<li style=\"text-align: justify;\">Efic\u00e1cia - Procura comum do progresso\/crescimento\/ desenvolvimento da Associa\u00e7\u00e3o.<\/li>\n<\/ul>\n<\/div>\n<\/div><\/div><\/div><\/div><\/div>","protected":false},"excerpt":{"rendered":"<p>Estar ao servi\u00e7o da comunidade encontrando respostas eficazes e inovadoras que respondam \u00e0s suas necessidades. Reconhecida como Associa\u00e7\u00e3o de refer\u00eancia na implementa\u00e7\u00e3o de pol\u00edticas e pr\u00e1ticas de interven\u00e7\u00e3o social, terap\u00eautica e educativa. Profissionalismo &#8211; Responsabilidade e empenho em assumir as [&hellip;]<\/p>\n","protected":false},"author":1,"featured_media":0,"parent":3183,"menu_order":0,"comment_status":"closed","ping_status":"closed","template":"template-full-width.php","meta":{"ngg_post_thumbnail":0,"footnotes":""},"class_list":["post-1304","page","type-page","status-publish","hentry"],"_links":{"self":[{"href":"http:\/\/terramae.pt\/inicio\/wp-json\/wp\/v2\/pages\/1304","targetHints":{"allow":["GET"]}}],"collection":[{"href":"http:\/\/terramae.pt\/inicio\/wp-json\/wp\/v2\/pages"}],"about":[{"href":"http:\/\/terramae.pt\/inicio\/wp-json\/wp\/v2\/types\/page"}],"author":[{"embeddable":true,"href":"http:\/\/terramae.pt\/inicio\/wp-json\/wp\/v2\/users\/1"}],"replies":[{"embeddable":true,"href":"http:\/\/terramae.pt\/inicio\/wp-json\/wp\/v2\/comments?post=1304"}],"version-history":[{"count":9,"href":"http:\/\/terramae.pt\/inicio\/wp-json\/wp\/v2\/pages\/1304\/revisions"}],"predecessor-version":[{"id":3187,"href":"http:\/\/terramae.pt\/inicio\/wp-json\/wp\/v2\/pages\/1304\/revisions\/3187"}],"up":[{"embeddable":true,"href":"http:\/\/terramae.pt\/inicio\/wp-json\/wp\/v2\/pages\/3183"}],"wp:attachment":[{"href":"http:\/\/terramae.pt\/inicio\/wp-json\/wp\/v2\/media?parent=1304"}],"curies":[{"name":"wp","href":"https:\/\/api.w.org\/{rel}","templated":true}]}}